{"id":31,"date":"2021-03-07T14:38:28","date_gmt":"2021-03-07T13:38:28","guid":{"rendered":"https:\/\/shop.sinn-und-form.de\/heftbestellungen\/zahlungsweisen\/"},"modified":"2025-05-31T00:13:40","modified_gmt":"2025-05-30T22:13:40","slug":"zahlungsweisen","status":"publish","type":"page","link":"https:\/\/shop.sinn-und-form.de\/heftbestellungen\/zahlungsweisen\/","title":{"rendered":"Zahlungsweisen"},"content":{"rendered":"<div class=\"fusion-fullwidth fullwidth-box fusion-builder-row-1 fusion-flex-container nonhundred-percent-fullwidth non-hundred-percent-height-scrolling\" style=\"--awb-border-radius-top-left:0px;--awb-border-radius-top-right:0px;--awb-border-radius-bottom-right:0px;--awb-border-radius-bottom-left:0px;--awb-flex-wrap:wrap;\" ><div class=\"fusion-builder-row fusion-row fusion-flex-align-items-flex-start fusion-flex-content-wrap\" style=\"max-width:1419.6px;margin-left: calc(-4% \/ 2 );margin-right: calc(-4% \/ 2 );\"><div class=\"fusion-layout-column fusion_builder_column fusion-builder-column-0 fusion_builder_column_1_5 1_5 fusion-flex-column\" style=\"--awb-bg-size:cover;--awb-width-large:20%;--awb-margin-top-large:0px;--awb-spacing-right-large:9.6%;--awb-margin-bottom-large:20px;--awb-spacing-left-large:9.6%;--awb-width-medium:100%;--awb-order-medium:0;--awb-spacing-right-medium:1.92%;--awb-spacing-left-medium:1.92%;--awb-width-small:100%;--awb-order-small:0;--awb-spacing-right-small:1.92%;--awb-spacing-left-small:1.92%;\"><div class=\"fusion-column-wrapper fusion-column-has-shadow fusion-flex-justify-content-flex-start fusion-content-layout-column\"><\/div><\/div><div class=\"fusion-layout-column fusion_builder_column fusion-builder-column-1 fusion_builder_column_3_5 3_5 fusion-flex-column\" style=\"--awb-bg-size:cover;--awb-width-large:60%;--awb-margin-top-large:0px;--awb-spacing-right-large:3.2%;--awb-margin-bottom-large:0px;--awb-spacing-left-large:3.2%;--awb-width-medium:100%;--awb-spacing-right-medium:1.92%;--awb-spacing-left-medium:1.92%;--awb-width-small:100%;--awb-spacing-right-small:1.92%;--awb-spacing-left-small:1.92%;\"><div class=\"fusion-column-wrapper fusion-flex-justify-content-flex-start fusion-content-layout-column\"><div class=\"fusion-text fusion-text-1\"><p>Wir bieten Ihnen folgende Zahlungsarten an. Suchen Sie sich einfach die f\u00fcr Sie optimale Zahlart aus. Die Versandkosten sind teilweise abh\u00e4ngig von der gew\u00e4hlten Zahlungsart. Die in den jeweiligen Angeboten angef\u00fchrten Preise stellen Endpreise dar. Sie beinhalten alle Preisbestandteile einschlie\u00dflich etwaig anfallender Steuern wie Mehrwertsteuer. Nur bei grenz\u00fcberschreitender Lieferung k\u00f6nnen im Einzelfall weitere Steuern (z.B. im Falle eines innergemeinschaftlichen Erwerbs) und\/oder Abgaben (z.B. Z\u00f6lle) von Ihnen zu zahlen sein, jedoch nicht an den Verk\u00e4ufer, sondern an die dort zust\u00e4ndigen Zoll- bzw. Steuerbeh\u00f6rden. Die anfallenden Liefer- und Versandkosten sind nicht im Kaufpreis enthalten, sie sind \u00fcber die Seite \u00bbVersandkosten\u00ab aufrufbar, werden im Laufe des Bestellvorganges gesondert ausgewiesen und sind von Ihnen zus\u00e4tzlich zu tragen.<\/p>\n<p><strong>Lastschrift f\u00fcr gedruckte Hefte (nur innerhalb der EU)<\/strong><br \/>\nDer Rechnungsbetrag wird nach Ihrer Bestellung automatisch von Ihrem hinterlegten Bankkonto eingezogen.<\/p>\n<p><strong>Rechnung f\u00fcr gedruckte Hefte<\/strong><br \/>\nBestellen Sie bequem und bezahlen Sie erst im Anschluss.<\/p>\n<p><strong>Kreditkarte f\u00fcr digitale Downloads<\/strong><br \/>\nBezahlen Sie einfach per Kreditkarte (Zahlungsabwicklung \u00fcber <a href=\"https:\/\/stripe.com\/de\" target=\"_blank\" rel=\"noopener\">Stripe<\/a>).<\/p>\n<p><strong>SEPA-Lastschrift f\u00fcr digitale Downloads<\/strong><br \/>\nBezahlen Sie direkt per Bankeinzug unter Angabe Ihrer IBAN (Zahlungsabwicklung \u00fcber <a href=\"https:\/\/stripe.com\/de\" target=\"_blank\" rel=\"noopener\">Stripe<\/a>).<\/p>\n<\/div><\/div><\/div><\/div><\/div>\n","protected":false},"excerpt":{"rendered":"","protected":false},"author":1,"featured_media":0,"parent":0,"menu_order":0,"comment_status":"closed","ping_status":"closed","template":"","meta":{"footnotes":""},"class_list":["post-31","page","type-page","status-publish","hentry"],"_links":{"self":[{"href":"https:\/\/shop.sinn-und-form.de\/heftbestellungen\/wp-json\/wp\/v2\/pages\/31","targetHints":{"allow":["GET"]}}],"collection":[{"href":"https:\/\/shop.sinn-und-form.de\/heftbestellungen\/wp-json\/wp\/v2\/pages"}],"about":[{"href":"https:\/\/shop.sinn-und-form.de\/heftbestellungen\/wp-json\/wp\/v2\/types\/page"}],"author":[{"embeddable":true,"href":"https:\/\/shop.sinn-und-form.de\/heftbestellungen\/wp-json\/wp\/v2\/users\/1"}],"replies":[{"embeddable":true,"href":"https:\/\/shop.sinn-und-form.de\/heftbestellungen\/wp-json\/wp\/v2\/comments?post=31"}],"version-history":[{"count":5,"href":"https:\/\/shop.sinn-und-form.de\/heftbestellungen\/wp-json\/wp\/v2\/pages\/31\/revisions"}],"predecessor-version":[{"id":1423,"href":"https:\/\/shop.sinn-und-form.de\/heftbestellungen\/wp-json\/wp\/v2\/pages\/31\/revisions\/1423"}],"wp:attachment":[{"href":"https:\/\/shop.sinn-und-form.de\/heftbestellungen\/wp-json\/wp\/v2\/media?parent=31"}],"curies":[{"name":"wp","href":"https:\/\/api.w.org\/{rel}","templated":true}]}}